6*r - 31. Suppose -16 = f - 11. What is the units digit of h(f)?
9
Let z(s) = 16*s - 1. Let t be z(3). Let f be (1 - 0) + -1 - -25. Let x = t - f. What is the tens digit of x?
2
Let d(r) = r**2 - 11*r + 20. What is the units digit of d(17)?
2
Let r = 1243 + -746. What is the units digit of r?
7
Let c(o) = 4*o**2 + 38*o + 49. What is the tens digit of c(-15)?
7
Let l(p) = 2*p**3 - 2*p**2 - 2*p - 1. Let u be l(-1). Let f be (-68)/12 + 1/u. What is the tens digit of f + 34 + 1/(-1)?
2
Let d(f) be the third derivative of -29*f**4/24 + f**3/6 - f**2. Let x = -241 - -240. What is the units digit of d(x)?
0
Let a(l) = 2*l**3 - 3*l**2 + 1. Let j be (5 + -10)/(0 - 1). Suppose 1 + j = 3*i. What is the units digit of a(i)?
5
Let m be (4/18*-3)/(10/(-105)). Let z(k) = -k**3 + 10*k**2 - 16*k + 2. What is the units digit of z(m)?
7
Let q(t) be the second derivative of t**5/20 - 5*t**4/4 - 8*t**3/3 - 9*t**2 - 7*t. Let y be q(16). What is the units digit of y/(-5) - (-32)/80?
4
Let l(d) = 3*d**3 + 2*d**2 - 34*d + 14. What is the hundreds digit of l(5)?
2
Let o be 7/(-49) - 83/7. Let l be (o/2)/((-22)/(-33)). What is the tens digit of -11*(l/3 + 1)?
2
Let k = 34 - 32. Let d be k - 1*(-2 + 0). What is the units digit of (6/(-5))/(d/(-200))?
0
Let o(w) be the third derivative of 0 - 2*w**2 + 4/3*w**3 - 1/8*w**4 + 0*w. What is the units digit of o(-6)?
6
Suppose -q - 2554 = -4*z - 3*q, -5*q - 633 = -z. What is the units digit of z?
8
Let x(v) = -2*v**3 + 23*v**2 + 10*v + 5. Let r be 4/5 + 306/30. What is the tens digit of x(r)?
3
Suppose -5*c + 4*c + 4*z + 133 = 0, -4*c + 632 = 4*z. What is the units digit of c?
3
Suppose b = 1 - 0. Let o(q) = 49*q**3 + 2*q**2 - 2*q + 1. Let x be o(b). Suppose -x = -2*i - 8. What is the units digit of i?
1
Suppose -7*c + 8*c + 5*s - 3294 = 0, 2*c - 6577 = s. What is the tens digit of c?
8
Let p be 19 - 2/(-1) - -1. Suppose 0*d - 5*d + 2*c = -18, 3*d - p = 4*c. Suppose 0 = d*f - 3*f + 12. What is the units digit of f?
2
Let f(d) = 46*d**2 - 2*d - 1. Let n be f(-1). Let k = -136 - -136. Suppose k = -2*x + 71 + n. What is the units digit of x?
9
Suppose -4*p - 100 = -3*t, -t + 4*p = -0*p - 36. Suppose -4 = g - t. Suppose g = -3*h + 100. What is the tens digit of h?
2
Let a be (-116)/2*6/3. Let h(f) = -15*f + 55. Let t be h(-9). Let k = a + t. What is the units digit of k?
4
Let g be ((-350)/(-15))/(4/6). Suppose 6*l - 11*l = -g. What is the units digit of l?
7
Let s(u) = -u**2 - 13*u - 24. Let w be s(-9). Let c = 59 + w. What is the units digit of c?
1
Let f = -51 + 54. Suppose f*o + 188 = 7*o. What is the tens digit of o?
4
Suppose -3*n = -2*l - 12, 5*n + 3 = 2*n - 3*l. Suppose -x + 7 = -u, -n*x - 4*u + 22 = -x. Let s = -2 + x. What is the units digit of s?
8
Suppose -85 = 4*n + n. Let o = n - -41. Suppose 2*i - 44 - o = 0. What is the units digit of i?
4
Let v = -757 + 1557. What is the units digit of v?
0
Let k(a) = -a**3 - 10*a**2 - 12*a + 2. Suppose 0 = 2*r - 7*r + 170. Suppose 0 = h - 5*s + r - 0, 0 = 2*h + s + 13. What is the units digit of k(h)?
9
Let x be 1/4 + 566/8. Let t = 119 - x. What is the tens digit of t?
4
Let n = 15 - 15. What is the units digit of ((-2 - (-3 + 0)) + n)*75?
5
Let h(r) = -15*r - 2. Suppose 3*c + 18 = -4*i + i, 3*c = 0. Let o be h(i). Suppose -84 = -4*y + g, 24 = -2*y - 5*g + o. What is the units digit of y?
2
Let t(h) = -h**3 - 8*h**2 - 4*h - 8. Let o be t(-8). Suppose -3*y - 2*y = -5. Let p = o + y. What is the units digit of p?
5
Let c(m) be the second derivative of 7*m**4/2 - 7*m**3/6 + 5*m**2/2 + 3*m. What is the hundreds digit of c(2)?
1
Suppose -j - 2*j + 15 = 0. Suppose 0 = j*s + 11 + 4. What is the units digit of 100/15 + 2/s?
6
Let g(x) = 30*x + 20. What is the units digit of g(7)?
0
Suppose 0 = -4*p + 32 - 4. Suppose -p - 45 = -2*w. What is the tens digit of -8 + w - 1*-3?
2
Let x(h) = 10*h + 9. Let v be x(5). Suppose n + 86 = 3*i, -2*i - 4*n + v = -3*n. What is the tens digit of i?
2
Let h(o) = o + 7. Suppose -t = -1 + 4. Let q be h(t). Suppose -2*k - 152 = -5*s - q*k, 4*s - 2*k - 118 = 0. What is the tens digit of s?
3
Suppose -5*x + 6*x - 249 = 4*z, -2 = -2*z. What is the tens digit of x?
5
Let n be (-8)/(-36) - 101/9. Let i = -12 - n. What is the units digit of -7*i*(-2)/(-7)?
2
Let k = 4378 + -1325. What is the hundreds digit of k?
0
Suppose 7*m - 3650 - 5142 = 0. What is the units digit of m?
6
Let d(i) = 414*i - 140. What is the thousands digit of d(7)?
2
Let z be 0 - 1 - (-10)/10. Suppose -7*s + 4*s + 15 = z. What is the units digit of s?
5
Suppose -41*f = -51*f + 17610. What is the units digit of f?
1
Suppose 3*t + 1058 = -4*k + 6*k, k - t = 528. What is the units digit of k?
6
Let n = 643 - 280. What is the hundreds digit of n?
3
Suppose -5*p = -3370 + 9545. What is the units digit of 6/(-15) + p/(-25)?
9
Suppose q - 5 = 19. What is the tens digit of (-177)/(-12) + 6/q?
1
Let h be 4/(-14) - 325/(-35). Suppose 5*m - 86 = h. Suppose 3*k + 2*k = a - 11, 0 = -a + 3*k + m. What is the units digit of a?
1
Suppose 18117 = -29*b + 38*b. What is the thousands digit of b?
2
Suppose 0 = -5*j + 8159 + 3826. What is the units digit of j?
7
Suppose -3*s + 9 = -5*k, 2*k + 6 = 5*k + 2*s. Suppose 0*z - 2*z + 114 = k. What is the units digit of z?
7
What is the thousands digit of 242128/192 - (-2)/(-24)?
1
Let o(g) = -4*g + 34. Let t(a) = a - 11. Let n(z) = 3*o(z) + 8*t(z). Let p(d) = -d + 3. Let k(j) = -2*n(j) + 11*p(j). What is the units digit of k(-7)?
6
Let q = 2646 - 1434. What is the hundreds digit of q?
2
Let o(j) = -j**3 + 18*j**2 + j - 19. Let p be o(18). Let d(n) = -25*n + 4. What is the tens digit of d(p)?
2
Let b(k) = k - 3. Suppose 9 = -5*s + 2*s. Let m be 3 - (-1 - s)/(-2). What is the units digit of b(m)?
1
Let n(u) = -8*u + 46. Let g be n(19). Let q = g + 197. What is the units digit of q?
1
Let m(f) = 116*f - 38. What is the units digit of m(3)?
0
Let i(r) = r**3 - 4*r**2 + 5*r - 6. Let w be i(7). Suppose 4*v + 4*b = -w, -v + b - 37 - 15 = 0. What is the tens digit of -1 - (v + 1 + 1)?
4
Let u(n) = -15 + 42*n - 179*n + 5 + 8. What is the units digit of u(-1)?
5
Let v be (-387)/(-12)*(-12)/(-9). What is the units digit of v*3*44/33?
2
Let n(x) be the third derivative of 1/12*x**4 + 4*x**2 + 1/2*x**3 + 0*x + 0. What is the tens digit of n(6)?
1
Let m = 1378 - 689. What is the hundreds digit of m?
6
Let r(t) = 2*t - 8*t + 5 + t**2 - 3*t + 3*t. Let o be r(5). Suppose o = 3*n + 4 - 19. What is the units digit of n?
5
Let m = 673 + 629. What is the thousands digit of m?
1
Let c(n) = 2*n - 26. Let b be c(11). What is the hundreds digit of 25/((-1)/(-4)*b/(-5))?
1
Let z(q) = -q**3 - 2*q**2 + 23. Let b be 21*((-4)/(-3))/(-4). What is the hundreds digit of z(b)?
2
Let j(k) be the second derivative of k**4/6 + k**3/6 + 7*k**2 + 22*k. What is the units digit of j(-6)?
0
Let v(s) = -2*s + 8. Let d be v(6). Let y be 18/24 + (-13)/d. Suppose -y*h + 110 = -3*r, 4*r = 5*h + 27 - 164. What is the tens digit of h?
2
Let d(f) = 4*f**2 + 10*f - 12. Suppose 70*n - 66*n = 24. What is the tens digit of d(n)?
9
Let o(k) = 223*k - 160. What is the thousands digit of o(17)?
3
Let p be (-6)/(-7*(4 + 52/(-14))). Let t = -6 + 17. What is the units digit of (t/1 - p)/2?
4
Let u(f) = -7*f. Let h = -45 - -41. What is the tens digit of u(h)?
2
Let o be (-66)/14 + 6/(-21). Let u be o*(152/(-5) + 3). Suppose 0*t - 3*t + 99 = -2*a, a + u = 4*t. What is the units digit of t?
5
Let g(p) = -4*p**2 - 4*p + 6. Let m(q) = 8*q**2 + 8*q - 12. Let c(n) = 5*g(n) + 3*m(n). What is the units digit of c(-6)?
4
Let h be (-576)/(-84) - 2/(-14). Suppose -h*w + 8 = -27. Suppose 2*t - 136 = -5*n + t, 0 = w*t - 5. What is the units digit of n?
7
Let s(o) = 11*o**2 - 119*o + 25. What is the units digit of s(13)?
7
Let t(c) = c**2 - 8*c + 86. What is the units digit of t(6)?
4
Let d(x) = 3*x**2 - 2*x - 7. Suppose 4*a + 4*s - 5 = a, 14 = -4*a + 5*s. Let b be a - (-1 + (-20)/5). What is the units digit of d(b)?
3
Suppose -3*l = -l - 8. Let g be l*(-3)/(-3) + 1. Suppose -a = 3*t - 181, -2*t - 2*a + g*a + 117 = 0. What is the units digit of t?
0
Suppose -55 = c - 6*c. Let q(u) = -41 + 27 + 3*u**2 + 20*u - 4*u**2 - 6*u. What is the units digit of q(c)?
9
What is the hundreds digit of 17540/50*(-5)/4*-2?
8
Suppose -i - 3*q = -254, 2*q + 